s of h.
2, 7
Let j be (-336)/(-15) + (-2)/5. What are the prime factors of (j/(-8))/(3/(-12))?
11
Let i(d) = 9*d - 3. List the prime factors of i(3).
2, 3
Let t(i) = 66*i**2 - i. Let o be t(1). Suppose 7*s - 2*s = -o. What are the prime factors of (s - -4)*4/(-3)?
2, 3
Suppose 3*d + l = 392, -3*d - 5*l + 384 = -2*l. List the prime factors of d.
2, 3, 11
Let x(j) = j**3 + 9*j**2 - 2*j - 2. List the prime factors of x(-8).
2, 3, 13
Let u(v) = 52*v. What are the prime factors of u(1)?
2, 13
What are the prime factors of (-952)/(-12) + 8/(-6)?
2, 3, 13
Let f(p) = 1. Let l(m) = m**2 - 3*m - 2. Let o(c) = -2*f(c) + l(c). What are the prime factors of o(7)?
2, 3
Let y(p) be the second derivative of p**4/4 - p**3/2 - 3*p**2/2 - 4*p. List the prime factors of y(3).
3, 5
Suppose 439 = 3*n - 2*s, 8*s - 12*s + 298 = 2*n. What are the prime factors of n?
3, 7
Let h(i) be the second derivative of i**4/12 - i**3/6 + 3*i**2/2 + 3*i. List the prime factors of h(4).
3, 5
Let m(s) = s + 5. Let h be m(4). Let f = -5 + h. What are the prime factors of f?
2
Let u(p) = -2*p**3 + 4*p + 3. Let b be u(-2). Let j = 16 - b. Suppose 5*o + 27 = 2*v, -j*v + 2*v + 4*o + 44 = 0. What are the prime factors of v?
2
Suppose l + 71 = 3*v, -5*v - l - 22 = -151. Suppose v + 19 = 4*r. List the prime factors of r.
11
Suppose 4*l = 14 - 2, 3*j = -3*l + 114. What are the prime factors of j?
5, 7
Let u(l) = -l**3 - 5*l**2 - 3*l - 7. Let v be u(-5). Suppose 3*g - v = -g. Suppose 0 = -0*p - g*p + 16. List the prime factors of p.
2
Let y be 0/(9/(2 - -1)). Let h(w) be the first derivative of -w**4/4 + 19*w - 2. List the prime factors of h(y).
19
Suppose -5*k + 2*k = 2*o - 20, 0 = -k - 5*o - 15. Let c(j) = j**3 + 7*j**2 - j - 5. Let f be c(-7). List the prime factors of ((-45)/(-25))/(f/k).
3
Suppose -79 = -a + 266. List the prime factors of a.
3, 5, 23
Suppose 4*d - 57 = 19. List the prime factors of d.
19
Suppose 0 = -2*w + 43 + 21. Suppose -2*r + 6*r = w. What are the prime factors of r?
2
Let r(k) = 0*k + 4 - 4*k - 19 + 0*k. What are the prime factors of r(-6)?
3
Let b = 15 - 11. Let v be b/2*(15 + -1). Suppose 0 = 4*a - 0*a - v. What are the prime factors of a?
7
Let k(w) = 16*w - 2. Let i be k(2). Suppose -5*g + 4*g = -i. List the prime factors of g.
2, 3, 5
Suppose 2*a - 3*h = 48 + 153, 0 = -2*a - 5*h + 241. What are the prime factors of a?
2, 3
Suppose -4*w + 176 = -0*w. Suppose 3*n + 2*m = 35, 2*m + 2*m - w = -4*n. What are the prime factors of n?
13
Suppose 3*g + f = -0*g + 442, -2*f = 4*g - 586. List the prime factors of g.
149
Let v = -31 - -60. What are the prime factors of v?
29
Suppose -2*k + 20 = 4*i, -2*k - 2*i - 20 = -6*k. What are the prime factors of k?
2, 3
Let j(g) = 4*g**2 + g - 1. Let u be j(1). What are the prime factors of -1 - (u*-2 - -1)?
2, 3
Suppose 2*r = -2*m + r - 28, -5*r + 28 = -4*m. Let p be (m/9)/((-2)/12). Suppose -4*f + 72 - p = 0. What are the prime factors of f?
2
Let y(g) = 2*g**2 - 13*g + 2. Let d(j) = 5*j**2 - 27*j + 5. Let l(w) = -3*d(w) + 7*y(w). What are the prime factors of l(-9)?
2
Suppose 0 = 3*l - 5*z + 13, -2*z = -3*l - 2*l + 10. Suppose l*c - 44 = 92. List the prime factors of c.
2, 17
Let k(s) = s**3 - 10*s**2 - 13*s - 10. What are the prime factors of k(13)?
2, 41
Suppose 4*n + 26 = -3*b, -2*b - 4*n = -n + 19. Let z be (b*1)/(1/(-4)). Suppose z + 10 = 4*d + l, 2*l - 8 = -d. What are the prime factors of d?
2
Suppose 0 = 4*x + 4*h - 20, -3*x - h + 2 = -11. Suppose -x*t = -9 + 1. List the prime factors of t.
2
Suppose -5*s + 19 = -1. List the prime factors of s.
2
Let z = 6 + -22. Let d = 36 + z. List the prime factors of d.
2, 5
Let r be ((-9)/(-6))/(12/16). Suppose -r*m = -u + 4*u - 37, -1 = u. List the prime factors of m.
2, 5
Suppose 2*w - w = -4*h + 40, 2*w - 4*h - 20 = 0. Suppose 0 = 5*g - 3*p - 32, -2*g = -g - 4*p - w. Suppose 0 = -5*j + 51 + g. List the prime factors of j.
11
Suppose -4*x - 12 = 2*g - 5*g, g - 8 = 2*x. Let h(a) = a**3 + 6*a**2 - 4*a - 13. List the prime factors of h(x).
11
Let k(j) = -2*j - 1 + 2 - 2*j**2 + 3*j**2. Let y be k(2). Suppose l - y - 8 = 0. List the prime factors of l.
3
Suppose -4*h - 2*x = -0*x - 524, 3*h = -4*x + 398. List the prime factors of h.
2, 5, 13
Let x = 22 + -15. Suppose 11 = 3*t + 2*f, 5*f + x = 5*t - t. List the prime factors of t.
3
Suppose 0 = -5*c - 13 + 33. Let m be -9*(-1)/(6/c). What are the prime factors of (-48)/(-5) - m/(-15)?
2, 5
Let d be 3 + (-6)/(-9)*-3. Suppose -4*p = 3*m - 96, 3*m + 2*p + d = 97. What are the prime factors of m?
2
Suppose 11*q = 6*q. Let m be 1 + 8 + q + -2. Let h = m - 5. List the prime factors of h.
2
Let y be (16/6)/((-2)/(-6)). Let l = y + 8. List the prime factors of l.
2
Let z(o) = 3*o**2 + 4. List the prime factors of z(3).
31
Suppose 0 = -2*w - 0*w + 3*c + 16, -30 = -4*w + 5*c. Suppose -2*f + 3*g - 4*g = -10, 34 = 4*f - w*g. What are the prime factors of (f/(-4))/(3/(-14))?
7
List the prime factors of 0 + 134 + (4 - 7).
131
Let d be 2/7 + 440/28. Let a = d + -4. Suppose 0 = -0*s - 3*s + a. List the prime factors of s.
2
Suppose 5*w + 3*s - 459 = 0, w + w + 5*s = 176. What are the prime factors of w?
3, 31
Suppose 0 = -4*r + 5*m + 3 + 3, 8 = 3*r - 2*m. Suppose -4*i + 1 = 3*h, -3*i - 9 = -r*i + h. List the prime factors of i.
2
Let t be (-22)/(-77) - 4/14. Suppose 3*v - 3*z - 78 = t, -17 = -2*v - 5*z + 14. What are the prime factors of v?
23
Let m = 1 - -18. List the prime factors of m.
19
What are the prime factors of 73 + ((-3)/2)/(2/4)?
2, 5, 7
Suppose 0*l = -l + 8. Suppose -24 = 4*o - o - 5*h, -o + 3*h = l. Let p = o - -10. What are the prime factors of p?
2
Let k(g) = 4*g - 2*g + 6 - 1 + 0*g. List the prime factors of k(5).
3, 5
Suppose 2 = u, 0*u - 4*u + 4 = -2*v. Let p = v - -19. Suppose -4*x - p = -7*x. What are the prime factors of x?
7
Let n(f) be the second derivative of -f**3/6 - 5*f**2/2 + f. Suppose -5*p = 25, -2*l - 7*p = -3*p + 38. What are the prime factors of n(l)?
2
Let h(t) = -t**3 + 5*t**2 - 4*t + 3. Let n be h(2). Let s be 208/n - (-6)/21. Suppose 0*d = 5*d - s. List the prime factors of d.
2, 3
Suppose 2*h - 15 = -5. Suppose 2*m - 6 = -s - 3*m, h*m - 12 = -2*s. List the prime factors of s.
2, 3
Suppose -8*w + 444 + 276 = 0. List the prime factors of w.
2, 3, 5
Let l(s) = 8*s**3 - 5*s**2 - 10*s + 8. What are the prime factors of l(4)?
2, 5
Suppose 4*g = 18 + 2. Suppose -w + 39 = 2*n, -3*w - 2*w - 75 = -g*n. List the prime factors of n.
2, 3
Let d(n) = 8*n - 17. Let g(h) = 3*h - 6. Let o(r) = -4*d(r) + 11*g(r). Let v be o(9). Let a = -7 + v. List the prime factors of a.
2
Let n(x) = 30*x + 1. Let i be n(1). Suppose -2*o + 5*h = -8, 4*o - i - 1 = 2*h. What are the prime factors of o/1 + (2 - 3)?
2
Suppose 0 = -3*o + 5 + 1. What are the prime factors of o?
2
Suppose 3*z + 4*y - 89 = 2*y, 0 = -4*y - 20. List the prime factors of z.
3, 11
Let j(v) = 11*v - 4*v - 3 + 4. Let u be j(1). Suppose -5*y + y = -u. What are the prime factors of y?
2
Let h(g) = -4*g - 3. Let f be h(-5). Let i(s) = -3 + 3 + f + s - 4. List the prime factors of i(-9).
2
Suppose 4*i - 3*a = 37 + 15, -2*a + 26 = 2*i. List the prime factors of i.
13
Suppose 3*i - 59 - 58 = 0. List the prime factors of i.
3, 13
List the prime factors of 3 + (12/(-5))/((-10)/25).
3
Let j = 203 - 173. List the prime factors of j.
2, 3, 5
Suppose -5*y = -5 - 10. Let d be y*(3 + (-2 - 0)). Suppose d*m = -2*m + 55. List the prime factors of m.
11
Suppose -2*v + 15 = -27. Suppose 5*r = 319 + v. Suppose 4*j = -4*s + r, 2*j + 4*s - 19 = 23. What are the prime factors of j?
13
Suppose -7*j + 3*j - 16 = 4*l, -3*j = -3*l. What are the prime factors of (-10 - 2)*j/4?
2, 3
Suppose 0 = 2*j - 4*m + 48, 2*m = -5*j + 9 - 69. Let l be (-2)/6 + j/(-6). List the prime factors of (-7 + l)*3/(-1).
3, 5
Suppose -2*m - 3*b = -100, 3*m + 0*b - 2*b = 124. What are the prime factors of m?
2, 11
Let o = -5 - -5. Suppose 2*y - 5*z - 32 = o, -4*z + 13 - 5 = 0. What are the prime factors of y?
3, 7
Let c(i) = i**3 + 7*i**2 + 9*i + 10. Let t be c(-5). Let w be 2/12 + (-14)/12. Let p = t - w. What are the prime factors of p?
2
Suppose y = -2*y. Suppose -2*l - 2*l + 12 = y. Suppose -2*m + 3*m - 19 = v, -m + l*v + 15 = 0. What are the prime factors of m?
3, 7
Suppose 3*a = -4*z + 16, z + 4*a = -2*z + 12. List the